{"id":11399,"date":"2024-09-23T13:07:16","date_gmt":"2024-09-23T11:07:16","guid":{"rendered":"https:\/\/diplomatie.gov.bf\/?page_id=11399"},"modified":"2024-09-27T12:23:26","modified_gmt":"2024-09-27T10:23:26","slug":"communiques","status":"publish","type":"page","link":"https:\/\/diplomatie.gov.bf\/index.php\/communiques\/","title":{"rendered":"Communiqu\u00e9s"},"content":{"rendered":"\t\t<div data-elementor-type=\"wp-page\" data-elementor-id=\"11399\" class=\"elementor elementor-11399\" data-elementor-post-type=\"page\">\n\t\t\t\t<div data-particle_enable=\"false\" data-particle-mobile-disabled=\"false\" class=\"elementor-element elementor-element-3c90fae4 e-flex e-con-boxed e-con e-parent\" data-id=\"3c90fae4\" data-element_type=\"container\" data-e-type=\"container\">\n\t\t\t\t\t<div class=\"e-con-inner\">\n\t\t<div data-particle_enable=\"false\" data-particle-mobile-disabled=\"false\" class=\"elementor-element elementor-element-6228444e e-con-full e-flex e-con e-child\" data-id=\"6228444e\" data-element_type=\"container\" data-e-type=\"container\">\n\t\t\t\t<div class=\"elementor-element elementor-element-5d44c2a6 elementor-widget elementor-widget-heading\" data-id=\"5d44c2a6\" data-element_type=\"widget\" data-e-type=\"widget\" data-settings=\"{&quot;ekit_we_effect_on&quot;:&quot;none&quot;}\" data-widget_type=\"heading.default\">\n\t\t\t\t<div class=\"elementor-widget-container\">\n\t\t\t\t\t<h2 class=\"elementor-heading-title elementor-size-default\">Derniers communiqu\u00e9s<\/h2>\t\t\t\t<\/div>\n\t\t\t\t<\/div>\n\t\t\t\t<div class=\"elementor-element elementor-element-5e203bfb elementor-widget elementor-widget-eael-post-list\" data-id=\"5e203bfb\" data-element_type=\"widget\" data-e-type=\"widget\" data-settings=\"{&quot;ekit_we_effect_on&quot;:&quot;none&quot;}\" data-widget_type=\"eael-post-list.default\">\n\t\t\t\t<div class=\"elementor-widget-container\">\n\t\t\t\t\t<div class=\"eael-post-list-container preset-2 layout-preset-2\"><div class=\"eael-post-list-wrap\"><div class=\"eael-post-list-posts-wrap eael-post-appender eael-post-appender-5e203bfb\"><div class=\"eael-post-list-post \"><div class=\"eael-post-list-thumbnail \"><a href=\"https:\/\/diplomatie.gov.bf\/index.php\/le-burkina-faso-denonce-un-faux-rapport-de-human-rights-watch-et-annonce-des-mesures\/\">\n                <img decoding=\"async\" src=\"https:\/\/diplomatie.gov.bf\/wp-content\/uploads\/2024\/12\/Communique.png\" alt=\"\">\n            <\/a><\/div><div class=\"eael-post-list-content\"><h2 class=\"eael-post-list-title\"><a href=\"https:\/\/diplomatie.gov.bf\/index.php\/le-burkina-faso-denonce-un-faux-rapport-de-human-rights-watch-et-annonce-des-mesures\/\" >\u200eLe Burkina Faso d\u00e9nonce un  faux rapport de Human Rights Watch et annonce des mesures<\/a><\/h2><div class=\"meta\"><span class=\"eael-post-published-date\"><i class=\"far fa-calendar-alt\"><\/i> 6 avril 2026<\/span><\/div><\/div><\/div><div class=\"eael-post-list-post eael-empty-thumbnail\"><div class=\"eael-post-list-thumbnail eael-empty-thumbnail\"><\/div><div class=\"eael-post-list-content\"><h2 class=\"eael-post-list-title\"><a href=\"https:\/\/diplomatie.gov.bf\/index.php\/communique-de-presse-relatif-a-laudience-accordee-aux-ministres-en-charge-des-affaires-etrangeres-de-la-confederation-aes-par-sa-majeste-le-roi-mohammed-vi-du-maroc\/\" >Communiqu\u00e9 de presse relatif \u00e0 l&rsquo;audience accord\u00e9e aux ministres en charge des Affaires \u00e9trang\u00e8res de la Conf\u00e9d\u00e9ration AES, par Sa Majest\u00e9 le Roi Mohammed VI du Maroc.<\/a><\/h2><div class=\"meta\"><span class=\"eael-post-published-date\"><i class=\"far fa-calendar-alt\"><\/i> 29 avril 2025<\/span><\/div><\/div><\/div><div class=\"eael-post-list-post eael-empty-thumbnail\"><div class=\"eael-post-list-thumbnail eael-empty-thumbnail\"><\/div><div class=\"eael-post-list-content\"><h2 class=\"eael-post-list-title\"><a href=\"https:\/\/diplomatie.gov.bf\/index.php\/communique-du-gouvernement-suite-au-deces-du-pape-francois\/\" >Communiqu\u00e9 du Gouvernement suite au d\u00e9c\u00e8s du Pape Fran\u00e7ois.<\/a><\/h2><div class=\"meta\"><span class=\"eael-post-published-date\"><i class=\"far fa-calendar-alt\"><\/i> 21 avril 2025<\/span><\/div><\/div><\/div><div class=\"eael-post-list-post \"><div class=\"eael-post-list-thumbnail \"><a href=\"https:\/\/diplomatie.gov.bf\/index.php\/communique-du-college-des-chefs-detat-de-la-confederation-des-etats-du-sahel-relatif-a-la-destruction-dun-drone-des-forces-armees-et-de-securite-de-la-republique-du-mali-suite-a-un-acte-d\/\">\n                <img decoding=\"async\" src=\"https:\/\/diplomatie.gov.bf\/wp-content\/uploads\/2024\/12\/AES-750x465.png\" alt=\"\">\n            <\/a><\/div><div class=\"eael-post-list-content\"><h2 class=\"eael-post-list-title\"><a href=\"https:\/\/diplomatie.gov.bf\/index.php\/communique-du-college-des-chefs-detat-de-la-confederation-des-etats-du-sahel-relatif-a-la-destruction-dun-drone-des-forces-armees-et-de-securite-de-la-republique-du-mali-suite-a-un-acte-d\/\" >Communiqu\u00e9 du Coll\u00e8ge des Chefs d\u2019Etat de la Conf\u00e9d\u00e9ration des Etats du Sahel relatif \u00e0 la destruction d&rsquo;un dr\u00f4ne des Forces Arm\u00e9es et de S\u00e9curit\u00e9 de la R\u00e9publique du Mali suite \u00e0 un acte d&rsquo;hostilit\u00e9 du r\u00e9gime alg\u00e9rien.<\/a><\/h2><div class=\"meta\"><span class=\"eael-post-published-date\"><i class=\"far fa-calendar-alt\"><\/i> 7 avril 2025<\/span><\/div><\/div><\/div><div class=\"eael-post-list-post eael-empty-thumbnail\"><div class=\"eael-post-list-thumbnail eael-empty-thumbnail\"><\/div><div class=\"eael-post-list-content\"><h2 class=\"eael-post-list-title\"><a href=\"https:\/\/diplomatie.gov.bf\/index.php\/communique-de-presse-des-ministres-des-affaires-etrangeres-de-la-confederation-des-etats-du-sahel-sur-les-consultations-aes-russie\/\" >COMMUNIQUE DE PRESSE DES MINISTRES DES AFFAIRES ETRANGERES DE LA CONFEDERATION DES ETATS DU SAHEL SUR LES CONSULTATIONS AES &#8211; RUSSIE<\/a><\/h2><div class=\"meta\"><span class=\"eael-post-published-date\"><i class=\"far fa-calendar-alt\"><\/i> 1 avril 2025<\/span><\/div><\/div><\/div><\/div><\/div>\n\t\t<\/div>\t\t\t\t<\/div>\n\t\t\t\t<\/div>\n\t\t\t\t<\/div>\n\t\t<div data-particle_enable=\"false\" data-particle-mobile-disabled=\"false\" class=\"elementor-element elementor-element-11145aa9 e-con-full e-flex e-con e-child\" data-id=\"11145aa9\" data-element_type=\"container\" data-e-type=\"container\">\n\t\t\t\t<div class=\"elementor-element elementor-element-267aebaa elementor-widget elementor-widget-heading\" data-id=\"267aebaa\" data-element_type=\"widget\" data-e-type=\"widget\" data-settings=\"{&quot;ekit_we_effect_on&quot;:&quot;none&quot;}\" data-widget_type=\"heading.default\">\n\t\t\t\t<div class=\"elementor-widget-container\">\n\t\t\t\t\t<h2 class=\"elementor-heading-title elementor-size-default\">Dans les archives<\/h2>\t\t\t\t<\/div>\n\t\t\t\t<\/div>\n\t\t\t\t<div class=\"elementor-element elementor-element-642fc97 elementor-widget elementor-widget-eael-post-list\" data-id=\"642fc97\" data-element_type=\"widget\" data-e-type=\"widget\" data-settings=\"{&quot;ekit_we_effect_on&quot;:&quot;none&quot;}\" data-widget_type=\"eael-post-list.default\">\n\t\t\t\t<div class=\"elementor-widget-container\">\n\t\t\t\t\t<div class=\"eael-post-list-container advanced layout-advanced\"><div class=\"eael-post-list-wrap\"><div class=\"eael-post-list-posts-wrap eael-post-appender eael-post-appender-642fc97\"><div class=\"eael-post-list-post \"><div class=\"eael-post-list-post-inner\"><div class=\"eael-post-list-thumbnail \"><a href=\"https:\/\/diplomatie.gov.bf\/index.php\/le-burkina-faso-denonce-un-faux-rapport-de-human-rights-watch-et-annonce-des-mesures\/\">\n                <img decoding=\"async\" src=\"https:\/\/diplomatie.gov.bf\/wp-content\/uploads\/2024\/12\/Communique.png\" alt=\"\">\n            <\/a><\/div><div class=\"eael-post-list-content\"><h2 class=\"eael-post-list-title\"><a href=\"https:\/\/diplomatie.gov.bf\/index.php\/le-burkina-faso-denonce-un-faux-rapport-de-human-rights-watch-et-annonce-des-mesures\/\" >\u200eLe Burkina Faso d\u00e9nonce un  faux rapport de Human Rights Watch et annonce des mesures<\/a><\/h2><div class=\"meta\"><span class=\"eael-post-published-date\"><i class=\"far fa-calendar-alt\"><\/i> 6 avril 2026<\/span><\/div><div class=\"boxed-meta\"><\/div><\/div><\/div><\/div><div class=\"eael-post-list-post eael-empty-thumbnail\"><div class=\"eael-post-list-post-inner\"><div class=\"eael-post-list-thumbnail eael-empty-thumbnail\"><\/div><div class=\"eael-post-list-content\"><h2 class=\"eael-post-list-title\"><a href=\"https:\/\/diplomatie.gov.bf\/index.php\/communique-de-presse-relatif-a-laudience-accordee-aux-ministres-en-charge-des-affaires-etrangeres-de-la-confederation-aes-par-sa-majeste-le-roi-mohammed-vi-du-maroc\/\" >Communiqu\u00e9 de presse relatif \u00e0 l&rsquo;audience accord\u00e9e aux ministres en charge des Affaires \u00e9trang\u00e8res de la Conf\u00e9d\u00e9ration AES, par Sa Majest\u00e9 le Roi Mohammed VI du Maroc.<\/a><\/h2><div class=\"meta\"><span class=\"eael-post-published-date\"><i class=\"far fa-calendar-alt\"><\/i> 29 avril 2025<\/span><\/div><div class=\"boxed-meta\"><\/div><\/div><\/div><\/div><div class=\"eael-post-list-post eael-empty-thumbnail\"><div class=\"eael-post-list-post-inner\"><div class=\"eael-post-list-thumbnail eael-empty-thumbnail\"><\/div><div class=\"eael-post-list-content\"><h2 class=\"eael-post-list-title\"><a href=\"https:\/\/diplomatie.gov.bf\/index.php\/communique-du-gouvernement-suite-au-deces-du-pape-francois\/\" >Communiqu\u00e9 du Gouvernement suite au d\u00e9c\u00e8s du Pape Fran\u00e7ois.<\/a><\/h2><div class=\"meta\"><span class=\"eael-post-published-date\"><i class=\"far fa-calendar-alt\"><\/i> 21 avril 2025<\/span><\/div><div class=\"boxed-meta\"><\/div><\/div><\/div><\/div><div class=\"eael-post-list-post \"><div class=\"eael-post-list-post-inner\"><div class=\"eael-post-list-thumbnail \"><a href=\"https:\/\/diplomatie.gov.bf\/index.php\/communique-du-college-des-chefs-detat-de-la-confederation-des-etats-du-sahel-relatif-a-la-destruction-dun-drone-des-forces-armees-et-de-securite-de-la-republique-du-mali-suite-a-un-acte-d\/\">\n                <img decoding=\"async\" src=\"https:\/\/diplomatie.gov.bf\/wp-content\/uploads\/2024\/12\/AES-1024x748.png\" alt=\"\">\n            <\/a><\/div><div class=\"eael-post-list-content\"><h2 class=\"eael-post-list-title\"><a href=\"https:\/\/diplomatie.gov.bf\/index.php\/communique-du-college-des-chefs-detat-de-la-confederation-des-etats-du-sahel-relatif-a-la-destruction-dun-drone-des-forces-armees-et-de-securite-de-la-republique-du-mali-suite-a-un-acte-d\/\" >Communiqu\u00e9 du Coll\u00e8ge des Chefs d\u2019Etat de la Conf\u00e9d\u00e9ration des Etats du Sahel relatif \u00e0 la destruction d&rsquo;un dr\u00f4ne des Forces Arm\u00e9es et de S\u00e9curit\u00e9 de la R\u00e9publique du Mali suite \u00e0 un acte d&rsquo;hostilit\u00e9 du r\u00e9gime alg\u00e9rien.<\/a><\/h2><div class=\"meta\"><span class=\"eael-post-published-date\"><i class=\"far fa-calendar-alt\"><\/i> 7 avril 2025<\/span><\/div><div class=\"boxed-meta\"><\/div><\/div><\/div><\/div><\/div><\/div>\n\t\t<\/div><div data-nonce=\"83ae4f5239\" class=\"post-list-pagination\" data-widget-id=\"642fc97\" data-widget=\"642fc97\" data-page-id=\"11399\" data-class=\"Essential_Addons_Elementor\\Pro\\Elements\\Post_List\" data-args=\"orderby=date&amp;order=desc&amp;ignore_sticky_posts=1&amp;post_status=publish&amp;posts_per_page=4&amp;offset=0&amp;post_type=post&amp;tax_query%5B0%5D%5Btaxonomy%5D=category&amp;tax_query%5B0%5D%5Bfield%5D=term_id&amp;tax_query%5B0%5D%5Bterms%5D%5B0%5D=50&amp;tax_query%5Brelation%5D=AND\" data-settings=\"eael_post_list_post_feature_image=yes&amp;eael_post_list_post_meta=yes&amp;eael_post_list_post_title=yes&amp;eael_post_list_post_excerpt=no&amp;eael_post_list_pagination=navigation&amp;eael_post_list_layout_type=advanced&amp;eael_post_list_post_cat=&amp;eael_post_list_author_meta=&amp;eael_post_list_title_tag=h2&amp;eael_post_featured_image_size=large&amp;eael_post_list_show_last_modified=no\" data-page=\"1\" data-scroll-on-pagination=\"0\" data-scroll-offset=\"100\" data-template=\"{&quot;dir&quot;:&quot;pro&quot;,&quot;file_name&quot;:&quot;advanced.php&quot;,&quot;name&quot;:&quot;Post-List&quot;}\">\n            <button class=\"btn btn-prev-post\" id=\"post-nav-prev-642fc97\" disabled=\"true\" aria-label=\"previous\"><svg aria-hidden=\"true\" class=\"e-font-icon-svg e-fas-angle-left\" viewBox=\"0 0 256 512\" xmlns=\"http:\/\/www.w3.org\/2000\/svg\"><path d=\"M31.7 239l136-136c9.4-9.4 24.6-9.4 33.9 0l22.6 22.6c9.4 9.4 9.4 24.6 0 33.9L127.9 256l96.4 96.4c9.4 9.4 9.4 24.6 0 33.9L201.7 409c-9.4 9.4-24.6 9.4-33.9 0l-136-136c-9.5-9.4-9.5-24.6-.1-34z\"><\/path><\/svg><\/button><button class=\"btn btn-next-post\" id=\"post-nav-next-642fc97\" aria-label=\"next\"><svg aria-hidden=\"true\" class=\"e-font-icon-svg e-fas-angle-right\" viewBox=\"0 0 256 512\" xmlns=\"http:\/\/www.w3.org\/2000\/svg\"><path d=\"M224.3 273l-136 136c-9.4 9.4-24.6 9.4-33.9 0l-22.6-22.6c-9.4-9.4-9.4-24.6 0-33.9l96.4-96.4-96.4-96.4c-9.4-9.4-9.4-24.6 0-33.9L54.3 103c9.4-9.4 24.6-9.4 33.9 0l136 136c9.5 9.4 9.5 24.6.1 34z\"><\/path><\/svg><\/button>\n        <\/div>\t\t\t\t<\/div>\n\t\t\t\t<\/div>\n\t\t\t\t<\/div>\n\t\t\t\t\t<\/div>\n\t\t\t\t<\/div>\n\t\t\t\t<\/div>\n\t\t","protected":false},"excerpt":{"rendered":"<p>Derniers communiqu\u00e9s Note verbale du minist\u00e8re des Affaires \u00e9trang\u00e8res de la Coop\u00e9ration r\u00e9gionale et des Burkinab\u00e8 de l&rsquo;Ext\u00e9rieur\u00a0 25 septembre 2024 Communiqu\u00e9 de presse sur les conclusions de la r\u00e9union des ministres des Affaires \u00e9trang\u00e8res de la Conf\u00e9d\u00e9ration des Etats du Sahel tenue le 16 septembre 2024 \u00e0 Bamako. 17 septembre 2024 Dans les archives [&hellip;]<\/p>\n","protected":false},"author":9,"featured_media":0,"parent":0,"menu_order":0,"comment_status":"closed","ping_status":"closed","template":"template\/full-width-template.php","meta":{"footnotes":""},"class_list":["post-11399","page","type-page","status-publish","hentry"],"_links":{"self":[{"href":"https:\/\/diplomatie.gov.bf\/index.php\/wp-json\/wp\/v2\/pages\/11399","targetHints":{"allow":["GET"]}}],"collection":[{"href":"https:\/\/diplomatie.gov.bf\/index.php\/wp-json\/wp\/v2\/pages"}],"about":[{"href":"https:\/\/diplomatie.gov.bf\/index.php\/wp-json\/wp\/v2\/types\/page"}],"author":[{"embeddable":true,"href":"https:\/\/diplomatie.gov.bf\/index.php\/wp-json\/wp\/v2\/users\/9"}],"replies":[{"embeddable":true,"href":"https:\/\/diplomatie.gov.bf\/index.php\/wp-json\/wp\/v2\/comments?post=11399"}],"version-history":[{"count":8,"href":"https:\/\/diplomatie.gov.bf\/index.php\/wp-json\/wp\/v2\/pages\/11399\/revisions"}],"predecessor-version":[{"id":11620,"href":"https:\/\/diplomatie.gov.bf\/index.php\/wp-json\/wp\/v2\/pages\/11399\/revisions\/11620"}],"wp:attachment":[{"href":"https:\/\/diplomatie.gov.bf\/index.php\/wp-json\/wp\/v2\/media?parent=11399"}],"curies":[{"name":"wp","href":"https:\/\/api.w.org\/{rel}","templated":true}]}}